
2, 3, 349
Suppose 120*x + 31834924 = 529*x. What are the prime factors of x?
2, 11, 29, 61
Let y(h) = 28*h - 6. Let z be y(1). Let c(g) = 4 + 8*g + 28*g - 9*g - z. List the prime factors of c(10).
2, 3, 7
Suppose -4*i - 4*k + 432 = 0, -3*k = 4*i - 3*i - 104. Let u = i - -93. What are the prime factors of u?
7, 29
Let v = 577 - 574. Suppose r = -3*s + 35, -v*r - 6*s + 125 = -7*s. List the prime factors of r.
41
Let x = -1322 - -2210. Let p = -440 + x. List the prime factors of p.
2, 7
Let n = -15387 - -15277. Let i be (1/2)/(2/68). Let l = i - n. What are the prime factors of l?
127
Let i = 1198 - 1802. Let y = i - -684. List the prime factors of y.
2, 5
Suppose -295*q - 24*q = -7454392. List the prime factors of q.
2, 23, 127
Let t(i) = -61*i**2 + 64*i - 10. Let z be t(5). Let y = 1791 + z. What are the prime factors of y?
2, 3
What are the prime factors of (-8)/(-12) + 0 - (-3 - 148674/9)?
13, 31, 41
What are the prime factors of ((-4)/8)/(51/306 - 8626/51750)?
3, 5, 23
Suppose -4*r + 1259 = -2*r + 3*y, -4*y = 3*r - 1891. Let h = r - 257. Suppose 4 = -2*i, -h = -2*k - 2*k - 4*i. What are the prime factors of k?
97
Suppose -4*a = -8*a - 268. Let h = a - -71. Suppose h*q - 532 = 2*z, q = -2*z + 175 - 52. List the prime factors of q.
131
Let o = -2913 + 5884. What are the prime factors of (-100)/(-400)*(o - 1*-1)?
743
Let y = -92 - -97. Suppose -y*p + 57 = -43. Let i = p - -55. List the prime factors of i.
3, 5
Suppose 5*w - 18956 - 53504 = 0. List the prime factors of w.
2, 3623
Let m = 5566 + -1619. What are the prime factors of m?
3947
Suppose -2*p + 3208 = 2*p. Suppose 2612 = 5*t + p. What are the prime factors of t?
2, 181
Let y(o) = 128*o**3 + 8*o**2 - 5*o - 3. Let u be y(3). Suppose -31*b + 57*b = u. List the prime factors of b.
3, 5
Let s be ((-22)/5)/(10/(-50)). Let h(p) = -36*p + 3 + s*p - 3. What are the prime factors of h(-7)?
2, 7
Let s(c) = 25*c + 331*c**2 + 0*c - 321*c**2 + 85. What are the prime factors of s(-12)?
5, 7
Let q(c) = -60*c + 10. Let r = -125 - -122. List the prime factors of q(r).
2, 5, 19
Let c = -35607 + 60813. List the prime factors of c.
2, 3, 4201
Suppose -482 = -2*h - 114. Let c(d) = 4*d**3 - 43*d**2 + 183*d - 9. Let w be c(4). Let p = w - h. List the prime factors of p.
107
Suppose -5*l - 5*g = -44455, l + 1093*g - 8881 = 1090*g. What are the prime factors of l?
2, 139
What are the prime factors of ((-89914)/6 + -3 + (-32)/(-12))/(-2)?
59, 127
Let p(w) = 21*w**2 - 35*w + 225. What are the prime factors of p(29)?
16871
Suppose -20*o = -41715 - 60745. List the prime factors of o.
47, 109
Let t be 6/21 + 356/28. Suppose u = -5*f + 148, -5*f + 3 = t. List the prime factors of u.
2, 79
Let t(h) be the first derivative of 0*h**2 + 33 + 12*h**2 - 35*h - 10*h**2. List the prime factors of t(15).
5
Suppose -5*n + 260571 = 3*c, 81388 = 3*n + 4*c - 74948. What are the prime factors of n?
2, 3, 43, 101
Suppose 3*v - 25 = -v + 5*m, -5*v - 2*m = -23. Let n be (-4 - 6)*v/(-4)*-4. Let x = -45 - n. List the prime factors of x.
5
Let w be (-3244)/(-18) - (-16)/(-72). Let f = w + -111. Let s = f - 44. What are the prime factors of s?
5
Let i be 0/(2 + 4 - 4). Suppose -u - 3*p + 8 + 34 = i, -30 = -u + p. Suppose u*d - 36*d = -27. List the prime factors of d.
3
Suppose -2*v = 477 - 185. Let k = v + 187. List the prime factors of k.
41
Let k(j) = 2285*j**2 - 1122*j**2 - 1130*j**2 - 14*j. What are the prime factors of k(-5)?
5, 179
Let c(r) = -3742*r + 222. What are the prime factors of c(-9)?
2, 3, 5, 113
What are the prime factors of -6 + 144074/14 + -5?
2, 5, 257
Suppose -6*z + 8 = -8*z, 2*n = -5*z - 20. Suppose 2*x + 9*q - 13*q - 1856 = n, -3*x + 2*q + 2796 = 0. List the prime factors of x.
2, 467
Let b = -2288 + 3749. List the prime factors of b.
3, 487
Suppose 1671259 = 35*j + 125*j + 209819. What are the prime factors of j?
2, 4567
Suppose 0 = 12*r - 763 - 329. Suppose 8*t - 27 = -r. Let a(j) = j**3 + 16*j**2 + 34*j + 1. List the prime factors of a(t).
241
Let h(u) = -96*u**2 - 16*u + 59. Let p be h(3). Let o = 1456 + p. What are the prime factors of o?
3, 67
Suppose 0 = 5*n + 176 - 21. Let f = n + 34. What are the prime factors of (f - (-28)/(-10)) + (-48)/(-10)?
5
Suppose 12*k - 74*k = -93806. List the prime factors of k.
17, 89
Let a(h) be the second derivative of 166*h**3/3 + h**2 - 4*h. Let z be a(-1). What are the prime factors of ((-20)/(-15))/((-4)/z)?
2, 5, 11
Let l(k) = 5*k**3 + k**2 + 12678. List the prime factors of l(0).
2, 3, 2113
Let d = 10 - 16. Let g(t) = t**3 + 9*t**2 + 17*t + 16. What are the prime factors of g(d)?
2, 11
What are the prime factors of ((-1376)/48 + 6)/(4/(-1830))?
2, 5, 17, 61
Let l(z) = 64*z**2 + 10*z - 10. Let r = 505 - 508. List the prime factors of l(r).
2, 67
Suppose 49*t - 50*t + 1560 = 0. Let i = t - 997. List the prime factors of i.
563
Let z be -2*(1 + (-234)/12). Let n = z - 32. What are the prime factors of n?
5
Let n(f) = f**3 + 18*f**2 - 16*f + 56. Let q(d) = 3*d**2 - 25*d + 13. Let m be q(7). List the prime factors of n(m).
971
Let z be (-6)/3 + 3/(15/25). Suppose 0 = -3*a - 2*i + 1514, -4 = -i + z*i. What are the prime factors of a?
2, 11, 23
Suppose 30 = 2*q + 4*s, 3 + 2 = -q + 2*s. Suppose q*k + 4*b - b = 0, 0 = -k + 3*b + 18. Suppose 184 - 31 = k*v. List the prime factors of v.
3, 17
Let p be ((-50)/15*3)/(-1). What are the prime factors of p/(((-2)/20)/((-51)/6))?
2, 5, 17
Suppose 23*d = -10*d + 1056. Let m(k) = 7*k**2 - 2*k + 1. Let a be m(2). Let z = d - a. What are the prime factors of z?
7
Suppose 0 = -6*i + 16*i - 150. Suppose i + 9 = -s. What are the prime factors of (-2)/4 - 2436/s?
101
Let n be (17 + -8)*(-50)/(-3). Let t(f) = 5*f + 8. Let w be t(-5). Let m = n + w. What are the prime factors of m?
7, 19
Let g be (2 - 2) + -126 + -6. Let m = 65 + g. Let n = 19 - m. What are the prime factors of n?
2, 43
Let r = 56392 - 13571. List the prime factors of r.
42821
What are the prime factors of 962/3367 + (-3734)/(-14)?
3, 89
Let m be 695/5 - (-16)/(-20)*5. Suppose 5*k - 3*k + 5*g - m = 0, g = 4*k - 303. List the prime factors of k.
3, 5
Let x = -49 - -41. Let d(m) = -62*m - 5. What are the prime factors of d(x)?
491
Let f = 470 + -421. Suppose f*t - 10318 = 35*t. What are the prime factors of t?
11, 67
Let p be (-27)/63 + 146/14. Let d(a) = -a**3 + 14*a**2 - 23*a + 23. List the prime factors of d(p).
193
Let w = -118 - -123. What are the prime factors of (w/(-10) - (-2)/(-4))*-82?
2, 41
Let s(p) = -p**3 + 7*p**2 - 29*p + 136. List the prime factors of s(5).
41
Suppose -24 = -8*s + 2*s. Suppose -p + s*c - 16 = -115, c = 2. Let a = p - -73. What are the prime factors of a?
2, 3, 5
Let k(v) = 19*v**2 + 4*v + 20. Let p = -40 - -46. Let f be k(p). Suppose 0 = 10*j - f - 42. List the prime factors of j.
7, 11
Suppose -u + 44 = -81. Let c = 223 - u. List the prime factors of c.
2, 7
Let w(i) = -9*i**3 - 12*i**2 - 10*i + 45. List the prime factors of w(-9).
2, 3, 53
Let l be (-1 + 57/5)*(-150)/20. Let r = l - -77. What are the prime factors of 4161/21 + r/7?
2, 3, 11
Suppose 2*p + 18153 = 31481. What are the prime factors of p?
2, 7, 17
Let k(y) = y**2 + 24*y + 5. Let n be k(-24). Suppose -2555 = -5*x + n*s, 1561 = 2*x + 2*s + 523. Let j = -293 + x. What are the prime factors of j?
2, 3, 37
Suppose -3*r + 4*q + 7708 = -r, -5*r - 5*q = -19345. Suppose -r = -14*d + 4074. List the prime factors of d.
3, 7
Suppose 0 = 4*u - 22*u + 6*u + 118812. What are the prime factors of u?
9901
Suppose 2*u + 2*u - 103 = -g, -3*u = 5*g - 549. What are the prime factors of 25722/117 - (g/39 - 3)?
2, 5, 11
Suppose -4*h - 4*s = -528, -2*s - 558 = 8*h - 12*h. Suppose 150*g = h*g + 1378. List the prime factors of g.
2, 53
Let v(m) = 56*m**2 - 63*m - 290. What are the prime factors of v(-5)?
3, 5, 19
Let z(o) = 51*o**2 + 2*o + 1. Let y be 25/15 + 5/15. What are the prime factors of z(y)?
11, 19
Let m(z) be the third derivative of -11*z**4/8 - 29*z**3/3 + 48*z**2 + 2*z. What are the prime factors of m(-11)?
5, 61
Suppose 28*t - 4*t = 3*t + 594090. What are the prime factors of t?
2, 3, 5, 23, 41
Let n = 44 - -600. Suppose 8*a = 4*z + 10*a - 842, -3*z + a + n = 0. What are the prime factors of z?
3, 71
Suppose 5*r - s = 285396, 0 = 2*r + 3*s - 27168 - 86970. What are the prime factors of r?
2, 3,